/(-12) + -1). Suppose -w + 1145 = x. What is the hundreds digit of x?
1
Suppose -5*d = a - 4064, -3*d = 9*a - 12*a + 12120. What is the thousands digit of a?
4
Let z be (5/(-20)*2*0)/2. Suppose 2*p - 763 = -z*l - 3*l, -3*p + 1134 = l. What is the units digit of p?
7
What is the thousands digit of ((-111911)/551 + 2/19)*-59?
1
Let g be (-3)/(21/(-1435)) - 4. Suppose 0 = 5*x - 5889 - g. What is the tens digit of x?
1
Suppose -21 = 2*t - 27. Suppose 0 = -7*q + t*q + 24. Let p = q + 136. What is the tens digit of p?
4
Let o(k) = -k**2 - 2*k + 14. Let w be o(-4). Let p be 49 - 3 - w/(-3). Let g = p + 21. What is the units digit of g?
9
Let m(n) = n**2 + 23*n - 24. Let b be m(16). Suppose 0 = 52*u - 49*u + b. Let s = -62 - u. What is the tens digit of s?
3
Let o(j) = j**3 + 10*j**2 + 2*j + 5. Let x = -60 + 81. Suppose 0 = p + x - 16. What is the tens digit of o(p)?
2
Let n be (80/(-10))/(0 + 1). Let z(j) = -142 - 15*j - 9*j + 88 - 11*j. What is the hundreds digit of z(n)?
2
Suppose y + 15 = 73. Let q = y - 57. Suppose 2*l + h - 9 = 0, 2*h - 1 = q. What is the units digit of l?
4
Suppose 138419 = -41*p + 704096. What is the tens digit of p?
9
Suppose g + 4*g = 770. Suppose -m + 2*m - 3*a = g, m = -5*a + 186. Suppose -18 = -n + m. What is the tens digit of n?
8
Let k be (-34)/(-6) - 3/(-9). Suppose 4*n - 12*w - 2436 = -7*w, 0 = -2*w. Suppose -k*l + n + 591 = 0. What is the tens digit of l?
0
Suppose -4*w + 5*t + 75082 = 0, 33*w - 29*w - 75076 = 2*t. What is the ten thousands digit of w?
1
Let f be 1 + 8/4 + 0. Let t = -1150 - -1677. Suppose -119 + t = f*z. What is the units digit of z?
6
Suppose 0 = 19*y - 53 - 42. Suppose -y*b = -13 - 62. Let h = b - -36. What is the tens digit of h?
5
Suppose o = -v + 46, 4*v - o - 15 = 144. Suppose -2*u + 18 = -2*i, 6*i + v = 4*u + i. Suppose 8*k - u = 4*k. What is the units digit of k?
1
What is the tens digit of (50/150)/(3/68409)?
0
Suppose i = -5*l + 1916, i + 772 = -3*l + 5*l. Suppose -4*n = 28 - l. Let v = 16 + n. What is the hundreds digit of v?
1
Let v = -71 - -47. What is the hundreds digit of (30/v*118)/((-1)/2)?
2
Let h(f) = -164 + 74 + 17*f - 11*f**2 + 2*f**3 + 78. What is the hundreds digit of h(6)?
1
Let x(f) be the first derivative of f**5/30 + 5*f**4/24 + 13*f**3/6 - 8*f**2 - 9. Let h(u) be the second derivative of x(u). What is the units digit of h(-4)?
5
Let v = -203 + 111. Let g be 1/5 - -15*12/(-150). What is the units digit of -4 - (v - (g - 1))?
6
Suppose -2489874 - 1982976 = -150*j. What is the tens digit of j?
1
Let w(q) = -15*q - 39. Let y(o) = 22*o + 58. Suppose 19*t - 22*t + 15 = 0. Let k(f) = t*y(f) + 7*w(f). What is the tens digit of k(7)?
5
Suppose 61*l - 105*l = -386320. What is the tens digit of l?
8
Suppose 5 = 5*y, 492*x = 495*x - 5*y - 106846. What is the hundreds digit of x?
6
Let v(s) = s**3 + 3*s**2 + s + 317. Suppose -3*j = -8*j. What is the hundreds digit of v(j)?
3
Let m(b) = -15 - 12*b - 11 - 18. Suppose -34*y - 313 = 265. What is the tens digit of m(y)?
6
Let a(w) = 109*w**2 - w - 4. Let l be a(2). Suppose b - 144 - l = 0. Suppose -3*y - 4*y + b = 0. What is the units digit of y?
2
Suppose -5*x - 118719 = 28*x - 1297116. What is the tens digit of x?
0
Let k(q) be the first derivative of -q**4/4 + 25*q**3/3 + 5*q**2/2 - 12*q - 1. Let u be k(24). Suppose -2*a - 4*a = -u. What is the tens digit of a?
1
Suppose 6*y + 294231 - 72839 = 22*y. What is the thousands digit of y?
3
Let j = 199 - 204. What is the tens digit of (j/5 - -378) + 2?
7
Suppose 68 = 5*x - 87. Let h = 35 - x. Suppose 5*f = 3*m + h*f - 335, -2*m - 5*f + 212 = 0. What is the tens digit of m?
1
Let v be (-1)/(4/5 + -1). Suppose -10237 - 1268 = -39*i. Suppose 3*b - i = v*j, 5*b - j - 2*j = 465. What is the units digit of b?
0
What is the tens digit of (-3 - -237)*(42/18 - -4) + -2?
8
Let y(o) = 3685*o + 1024. What is the ten thousands digit of y(8)?
3
Suppose 7118 = 5*s - 3*h - 4047, s = -h + 2233. What is the hundreds digit of s?
2
Let p = 32 - 27. Suppose -21 = -4*f + p*o, 0*o + 11 = 4*f + 5*o. Suppose 2*i - 321 = -z + 4*z, 0 = i - f*z - 148. What is the tens digit of i?
6
What is the hundreds digit of (-5 - (-2469 + (5 - -3))) + 2?
4
Let n(u) = 5041*u**2 + 27*u - 26. Let v be n(1). Suppose -3*f - 1128 + 4140 = 2*h, -5*f = -4*h - v. What is the units digit of f?
6
Suppose -4*m = 4*n - 43744, m - 4990 = -3*n + 5934. What is the ten thousands digit of m?
1
Let j(s) = 1009*s**2 - 61*s + 250. What is the tens digit of j(4)?
5
What is the tens digit of (3 - 1)/((-10)/(-22825))?
6
Let o be ((-3)/(-1))/((-15)/(-10)). Suppose 3*c = 12, o*x + c + 0*c - 166 = 0. What is the tens digit of x?
8
Suppose -39 = 4*o - 3*o + 3*q, 0 = -2*o - 3*q - 72. Let n = o + 30. What is the units digit of 3/(-7) - (n - 524/14)?
0
Let h(w) = -2*w**3 + 7*w**2 + 19*w + 4. Let n = 44 + -48. Let m be h(n). Let z = 38 + m. What is the hundreds digit of z?
2
Let r be 6/(-1)*(45/10)/(-3). Suppose -r*x - 3*x = -2196. What is the hundreds digit of x?
1
Suppose 364*k = 368*k - 12, 5*k = 4*l - 47485. What is the thousands digit of l?
1
Let u = 3 - -21. Suppose -u = 6*i - 36. Suppose -272 = -4*l + 2*r - 3*r, -l - i*r + 61 = 0. What is the units digit of l?
9
Let f(t) = -t**2 + 9*t - 7. Suppose 3*r + 1 = -p + 2, 3*r = -4*p - 14. Let w be 3*3 - (1 + r + 1). What is the tens digit of f(w)?
1
Let d = -209 - -227. Suppose f - d = -19, -3*l + 5*f = -1460. What is the units digit of l?
5
Let c(g) = -32*g + 33. Let v be c(-15). Suppose 3*k = 4*a + 775, v = -0*k + 2*k + a. What is the units digit of k?
7
Suppose -4*r - 1511 = -4*g - 243, 4*r = 3*g - 1270. Let d be r/22 + (-5)/(-2). What is the tens digit of (-1160)/(-6) - (-4)/d?
9
Suppose 2*s + 52 = 2*y + 2, -6 = 3*s. Let k = y - 36. What is the tens digit of (k - -12)/(2/(-86))?
4
Let p(d) = -9*d**2 - d + 13. Let b be p(0). Suppose -5389 = -b*r - 4*r. What is the units digit of r?
7
Suppose 0 = 5*j + 2*q - 2197, -2*j = 2*q - q - 878. What is the hundreds digit of (4 - 7/2)*(j + 1)?
2
Suppose 1 = i - 10. Suppose 0 = 14*m - i*m - 264. Let b = 127 - m. What is the tens digit of b?
3
Let r be 7*(-1)/((-9)/54). Suppose 3*w + 3*a - 1116 = 0, 4*a = 5*w - r - 1854. What is the units digit of w?
6
What is the ten thousands digit of 805/(-35) + 15 + 18*3315?
5
Suppose -11*y + 15*y = g - 7135, 2*g - 14259 = -3*y. What is the hundreds digit of g?
1
Suppose -4*u = 4127 - 4131, -4*u = 2*p - 63020. What is the ten thousands digit of p?
3
Let t(b) = b**3 - 5*b**2 - 2*b + 7. Let x be t(5). Let n be (-6)/(x/(-1)) + 3. Let z(c) = 30*c**3 + c. What is the tens digit of z(n)?
3
Let g(v) = -7*v + 73. Let r be g(13). What is the tens digit of (-724)/(-6)*r*4/(-16)?
4
Suppose -v + 17056 = -5*z + 56564, 0 = 4*v + 12. What is the thousands digit of z?
7
Let r(y) = 514*y + 6138. What is the thousands digit of r(88)?
1
Suppose -82*i + 24 = -74*i. What is the tens digit of 0 - -1088 - (-3 + i + 3)?
8
Let w be (11 + (-9 - -4))/(1 + 0). What is the tens digit of (5 - (-266)/w)*9?
4
Let k = -3022 - -3067. What is the tens digit of k?
4
Suppose 3*b + 2568 = 12051. What is the hundreds digit of b?
1
Suppose -5*s = 96209 + 285001. What is the thousands digit of s/(-54) - 2/(-18)?
1
Let a(p) = -3*p**3 + 12*p. Let f be a(-10). Suppose m - 5 - 3 = -u, 3*m - 3*u - 42 = 0. What is the units digit of f/132 - (-2)/m?
2
Suppose 3*i = -5*n - 17, -2*i + i + n = -5. Let k(g) = -g**3 - 10*g**2 - 6*g - 3. Let f be k(-8). What is the tens digit of (f/2)/(i/(-2))?
8
Let q be (-2)/((-4)/(-3450)) + (7 - 2). Let v = -1094 - q. What is the units digit of v?
6
Suppose -21*q = -13*q - 5440. Suppose 9*w = w + q. Let h = w - 18. What is the units digit of h?
7
Suppose 0 = n + 4*n + 15. Let y(u) = 40*u - 13. Let x(f) = -21*f + 5. Let j(p) = -5*x(p) - 3*y(p). What is the units digit of j(n)?
9
What is the tens digit of 4929 + 16/((-6)/(-3))?
3
Suppose 0 = 2*d - 5*g - 0*g - 90333, 5*d + 3*g - 225910 = 0. What is the hundreds digit of d?
1
Let k(t) = -125*t + 1592. What is the units digit of k(-66)?
2
Suppose -75*l + 71*l - 12 = 0, -4*l = -3*z - 78. Let p be (-8)/(-2)*2/2. What is the hundreds digit of p/z - 6154/(-30)?
2
Let w(a) = 107*a - 63. Let l(v) = 1. Let i(o) = -2*l(o) + w(o). What is the hundreds digit of i(5)?
4
Let l = -25 - -28. Suppose -5*r + 4 = l*o - 